he greatest common divisor of 260 and 11058892?
52
Calculate the greatest common divisor of 15488 and 291848.
8
Calculate the greatest common divisor of 15468503 and 14687.
773
Calculate the highest common factor of 151060 and 18130.
70
Calculate the greatest common divisor of 29282029 and 1582.
791
Calculate the highest common factor of 1053 and 23287875.
39
Calculate the highest common factor of 320 and 1735232.
64
Calculate the highest common divisor of 2026407 and 1314.
219
What is the highest common factor of 2863089 and 1717?
17
Calculate the greatest common divisor of 1874250 and 1490825.
1225
Calculate the highest common divisor of 317443585 and 115.
115
Calculate the greatest common divisor of 823956 and 66.
6
What is the greatest common divisor of 16860 and 9?
3
Calculate the highest common factor of 585 and 4154930.
65
What is the greatest common divisor of 30 and 9053754?
6
Calculate the highest common divisor of 6 and 1422178086.
6
What is the highest common factor of 4397397 and 1139661?
2733
Calculate the highest common divisor of 19686430 and 11233.
239
Calculate the greatest common divisor of 1112837 and 3740.
187
What is the highest common factor of 14291916 and 24?
12
Calculate the highest common divisor of 39373632 and 1152.
576
What is the greatest common factor of 1113012 and 5504?
172
Calculate the highest common factor of 6 and 15481905.
3
Calculate the greatest common factor of 910 and 168175735.
455
What is the highest common factor of 781173 and 8323?
1189
What is the greatest common divisor of 3708 and 386604?
36
What is the greatest common factor of 7443116 and 137671?
4441
Calculate the greatest common divisor of 905 and 14103158.
181
Calculate the highest common divisor of 683974 and 345.
23
What is the greatest common factor of 2598272 and 744?
8
Calculate the highest common factor of 192484 and 3846.
2
Calculate the greatest common factor of 30359 and 2807.
7
Calculate the greatest common factor of 100 and 8195990.
10
Calculate the greatest common divisor of 1400 and 702473450.
350
Calculate the greatest common divisor of 14723851 and 377.
29
What is the greatest common divisor of 37160979 and 57?
57
Calculate the greatest common factor of 224 and 177886688.
224
Calculate the highest common factor of 5346 and 74305.
11
What is the greatest common factor of 105975 and 7426885?
785
What is the greatest common divisor of 12690704 and 3774?
1258
Calculate the highest common factor of 1513 and 120343.
17
What is the highest common divisor of 47249 and 1813?
37
What is the greatest common factor of 1324 and 221487988?
1324
What is the greatest common divisor of 392530317 and 534?
267
Calculate the highest common factor of 185024 and 72856.
56
Calculate the highest common divisor of 36208 and 417994204.
9052
Calculate the highest common factor of 276384 and 4512.
96
Calculate the highest common factor of 2102560 and 23120.
1360
Calculate the greatest common factor of 16 and 557981592.
8
What is the highest common factor of 156036664 and 20034?
742
Calculate the greatest common factor of 2448 and 34887582.
18
Calculate the greatest common factor of 208873080 and 29.
29
Calculate the highest common factor of 10373520 and 948.
12
What is the highest common factor of 21411 and 4833?
27
What is the highest common divisor of 804 and 8059028?
268
What is the highest common factor of 2558473 and 11?
1
Calculate the greatest common factor of 2368 and 1795776.
64
Calculate the greatest common divisor of 1812 and 31277687.
151
Calculate the greatest common factor of 235 and 4290677.
47
What is the greatest common factor of 6069 and 127911?
21
What is the greatest common divisor of 10305 and 11340?
45
What is the greatest common factor of 5370206 and 2342?
2342
What is the highest common factor of 38483 and 663500?
1327
What is the greatest common divisor of 5595911 and 10217?
601
What is the greatest common divisor of 56825 and 28525?
25
What is the highest common factor of 23364 and 2962980?
2124
Calculate the greatest common divisor of 459 and 45105029.
17
Calculate the greatest common factor of 29905232 and 5146.
166
What is the highest common divisor of 46712317 and 83?
83
Calculate the highest common factor of 110 and 6007386.
22
What is the greatest common factor of 304672 and 5?
1
Calculate the greatest common factor of 346323 and 203613.
201
Calculate the greatest common factor of 165224 and 7416.
8
What is the highest common factor of 287504925 and 180?
15
What is the highest common factor of 874 and 10481?
1
What is the highest common divisor of 2054058734 and 3416?
854
What is the highest common divisor of 13615 and 234256967?
2723
Calculate the greatest common divisor of 201891 and 4861722.
1167
Calculate the greatest common divisor of 6591 and 110790147.
507
What is the greatest common divisor of 29029 and 1111187?
77
Calculate the greatest common factor of 48195 and 54775224.
3213
What is the highest common divisor of 324 and 49641903?
81
What is the greatest common factor of 38364 and 1781007?
417
Calculate the highest common divisor of 328 and 3545926.
82
What is the highest common factor of 6255144 and 34776?
1512
Calculate the greatest common factor of 240299 and 608913.
2333
Calculate the highest common divisor of 494424 and 1755432.
4536
What is the greatest common factor of 129542926 and 1835?
367
Calculate the highest common divisor of 275225 and 505.
505
Calculate the greatest common divisor of 1488 and 987664.
16
Calculate the greatest common factor of 81250 and 4082.
26
Calculate the highest common factor of 264 and 25842531.
33
Calculate the highest common divisor of 531 and 160371.
9
Calculate the highest common factor of 186 and 17028238.
62
What is the highest common factor of 143 and 258973?
143
What is the greatest common divisor of 67506507 and 675?
27
What is the greatest common factor of 2188 and 31708?
4
Calculate the greatest common divisor of 1197292 and 2236.
172
What is the greatest common divisor of 3288135 and 1285764?
2949
Calculate the highest common factor of 1575 and 18776025.
225
Calculate the greatest common factor of 58 and 52459811.
29
What is the highest common divisor of 313536592 and 1552?
1552
Calculate the greatest common divisor of 75294 and 83037.
267
What is the highest common divisor of 51 and 2499476?
17
What is the greatest common divisor of 3300 and 752775?
75
Calculate the greatest common factor of 754533600 and 3330.
1110
What is the greatest common factor of 76570 and 73606?
494
What is the greatest common divisor of 294887512 and 4520?
904
Calculate the highest common factor of 3232 and 7820026.
202
What is the highest common factor of 88373491 and 41?
41
Calculate the greatest common factor of 428044 and 23504.
452
Calculate the highest common factor of 24963491 and 12838.
6419
What is the greatest common factor of 477765 and 2313?
9
What is the greatest common factor of 12 and 46872591?
3
Calculate the highest common factor of 12811 and 3906241.
557
Calculate the greatest common factor of 1833300 and 56300.
100
What is the greatest common factor of 1911745 and 5885?
55
What is the highest common divisor of 3592 and 1962130?
898
What is the greatest common divisor of 38652784 and 128?
16
Calculate the highest common divisor of 207 and 19832598.
9
What is the greatest common factor of 392161 and 27104?
847
What is the highest common divisor of 294 and 1193046?
6
What is the greatest common factor of 134 and 16473223?
67
Calculate the greatest common factor of 34823108 and 12.
4
Calculate the highest common divisor of 22914 and 2799126.
1206
What is the greatest common factor of 330913 and 638?
11
What is the greatest common divisor of 3210 and 1162024815?
1605
What is the greatest common divisor of 2597 and 6034595?
49
What is the highest common divisor of 97014347 and 894?
149
What is the highest common factor of 1448 and 8655058?
362
Calculate the highest common divisor of 98324 and 21956.
4
Calculate the greatest common divisor of 862257 and 58174.
493
What is the highest common divisor of 5339754 and 9?
9
Calculate the highest common factor of 171 and 37251.
9
Calculate the highest common factor of 1074 and 2861673.
537
What is the highest common divisor o